6 - 792 = -5*f - 3*p. Suppose -3*b = -f - 440. Is b a prime number?
True
Let r be (5 + -4)*9619 + (-2 - -4). Let j = -5980 + r. Is j prime?
False
Let n(s) = 1500*s - 19. Is n(3) prime?
True
Let n(x) = 877*x**2. Let t be n(-2). Is (-9)/(-21) + t/14 a composite number?
False
Suppose 4*q - 127900 = 4*c, -2*q + 3*c = -87967 + 24015. Is q composite?
False
Let g(t) = -49*t**2 + 11. Let u be g(3). Let m = -273 - u. Is m a prime number?
True
Let g(r) = 1112*r + 5. Suppose -3*o - 3 + 27 = 0. Let b(i) = 741*i + 3. Let v(a) = o*b(a) - 5*g(a). Is v(1) a prime number?
True
Let q be 10 + (2 - 3)/(-1). Let h = q + -8. Suppose w - h*w - 2*z = -76, w + 3*z = 46. Is w composite?
True
Let i(r) = -34*r - 129. Is i(-7) composite?
False
Let m = -293 - -543. Let b be -86 + (-1)/(-2)*-2. Let d = m + b. Is d prime?
True
Let z(o) = 15*o**2 + 22. Suppose p = -6 + 11. Is z(p) a composite number?
False
Let v(i) = i**3 + 3*i**2 + 12*i - 5. Let m be v(-11). Let y = m - -1551. Is y a prime number?
False
Let v = 19 - 19. Suppose -2*o + 1653 + 2113 = v. Is o composite?
True
Suppose -5*s + 577 = d + 39, 2*d - 3*s - 1089 = 0. Let j = 794 - d. Is j composite?
False
Let z(a) = 34*a**2 - 9 - 3*a + 3 - 10*a**2. Is z(-3) a prime number?
False
Suppose -p + 5*p + b - 10 = 0, 10 = -5*b. Suppose 5*y + 596 = 3*m - 4*m, p*y - 4*m + 353 = 0. Let h = 198 + y. Is h a composite number?
False
Suppose 0 = 9*b - 2041 - 66206. Let s = -4969 + b. Is s a prime number?
False
Let b be 1 - (-3 + (0 - -5)*-502). Suppose -10*r + b = -4*r. Is r a prime number?
True
Let m(c) be the first derivative of 112*c**2 + 11*c + 8. Is m(4) a prime number?
True
Suppose 0 = -3*w + 7*w + 596. Let m = -268 + w. Let y = -112 - m. Is y a prime number?
False
Let k(i) be the first derivative of -117*i**2/2 + 34*i - 16. Is k(-9) composite?
False
Suppose -181559 + 536580 = 89*h. Is h prime?
True
Suppose -3*b - 30*b + 32142 = 0. Is b composite?
True
Let l be (-1)/1 + 7 + -6. Suppose v + 3 + 351 = l. Is v*(-1 - 4/(-6)) a prime number?
False
Let b(q) = -q**3 + 15*q**2 + 24*q - 29. Is b(9) composite?
False
Let p = -42164 - -73201. Is p composite?
True
Let f(p) = -p**3 + 10*p**2 + 10*p + 11. Let d be f(11). Let k(v) = -4 - 4*v + d - 18*v + 3. Is k(-5) prime?
True
Is (8208 - (5 + -4)) + (2 - 0) a composite number?
False
Let w(k) = -8*k**3 + 5*k**2 - 5*k - 5. Let g(h) = 7*h**3 - 5*h**2 + 4*h + 5. Let y(t) = 7*g(t) + 6*w(t). Let j be y(5). Is (407/j)/((-4)/20) a composite number?
True
Let t be -2 + 3/3 + (-8)/(-2). Let p(g) = -3*g**3 - 2*g**2 + 8*g + 3. Let y(d) = 2*d**3 + d**2 - 4*d - 1. Let r(o) = 2*p(o) + 5*y(o). Is r(t) a prime number?
False
Let l(s) = -665*s - 1019. Is l(-38) composite?
False
Let c(r) = r**3 + 24*r**2 - 10*r - 6. Let x be c(-23). Suppose -x - 712 = -5*k. Is k composite?
False
Suppose -2*z + 17 = 7. Suppose 5*c = -m + 263, -z*m + 1871 = 5*c + 596. Is m a prime number?
False
Suppose -4*y = -6*y. Let i(v) = 4*v + y*v - v + 7*v**2 - 1 - 2. Is i(-5) prime?
True
Let n be 1/(2/(-48)*3). Is (-508)/n*-1*-2 composite?
False
Let p be (15164 - 2)*(-2)/(-3). Let b = p - 5615. Is b prime?
True
Let l be ((-1)/3)/(2/(-54)). Suppose 3*h + 11*r - l*r - 7001 = 0, 3*h + r - 7000 = 0. Is h prime?
True
Is 8/76 - (-11847810)/190 a composite number?
True
Let i be 3912 - ((-12)/(-2) + -2). Suppose 14*y = 10*y + i. Is y a prime number?
True
Let j(x) = 108*x - 7. Is j(6) a composite number?
False
Suppose 0 = 5*m - 90 + 30. Is m/(-30) + 927/5 a composite number?
True
Let t(a) = 6*a**2 - 31*a + 46. Is t(19) composite?
True
Let o = 780 + -313. Let y = o - 20. Is y a prime number?
False
Suppose 676 = 49*j - 45*j. Suppose -3*m + 2*k = -j, 5*k + 304 = 5*m + 19. Is m a composite number?
True
Let d(r) = r**3 + 12*r**2 - 2*r - 22. Let q(i) = -i**3 - i**2 - 12. Let v be q(0). Let s be d(v). Suppose -l + u + 629 = 0, l + 0*u - 627 = s*u. Is l composite?
False
Let n(h) = -h**3 - 6. Let f be n(0). Is -502*(3/f + 0) prime?
True
Suppose -g + 759 + 27 = -2*j, 3942 = 5*g - 4*j. Let d = g + -461. Is d prime?
False
Let w be ((-30)/15)/(0 - 1). Suppose 4 = -t, -w*o = -3*t - 34 - 120. Is o a composite number?
False
Suppose 524 = 3*l + 2*h, 0 = h + 3*h - 16. Let b(s) = -s**3 - 5*s**2 - 6*s - 67. Let p be b(-6). Suppose p*y - z = 227, -y + l = 3*y - 4*z. Is y a prime number?
False
Let w = 12306 - 2719. Is w a composite number?
False
Suppose 2*b = b - 2. Is 677 + (2 + b - -2) composite?
True
Let g(m) = -1759*m - 43. Is g(-6) a prime number?
False
Let y(q) = q**3 + 20*q**2 - 19*q + 47. Let b be y(-21). Suppose 0 = -3*k - 2*n + 99 + 72, -2*n = b*k - 281. Is k a prime number?
False
Suppose y + 16 = 6*y - 2*v, -3*v + 26 = 5*y. Suppose 2*x - 104 = -y*r, -x + 21 + 43 = -2*r. Is x a prime number?
False
Let t = 28 - -28. Is t/84*1266/4 composite?
False
Let b = 27024 + 1325. Is b a prime number?
True
Suppose -5*k = -4*i + 3019, 4*i - 3*k - 2104 = 917. Let z = i - -395. Is z a composite number?
False
Suppose 5*d + 7442 = 3*b - 5*b, -3*d - 5*b = 4469. Let x = d + 2227. Is x composite?
False
Let t = 269 - 110. Let r = 268 - t. Is r a composite number?
False
Let t(i) = -258*i - 575. Is t(-13) composite?
True
Let v = 144281 + -100902. Is v prime?
False
Let s(z) = 2*z**2 - 42*z + 23. Is s(-31) a composite number?
True
Suppose 26 = -2*r - 10. Let u be (-12)/r - 20/(-6). Suppose -u*z + 1278 = 2. Is z composite?
True
Let u(h) = 5059*h**3 - h**2 - 3*h + 15. Is u(2) a prime number?
False
Suppose -19224 = -17*f + 1297987. Is f prime?
False
Suppose -5*g - g = 396. Let i = g - -331. Is i a prime number?
False
Suppose -4*t - 21*v = -17*v - 46668, -5*v = -10. Is t composite?
True
Suppose 3869 + 5866 = 15*m. Is m prime?
False
Suppose d - 4*d + 27 = h, -2*d = 4*h - 28. Suppose -d*z = -4*z - 8. Suppose l = z + 33. Is l prime?
False
Let n be 3036/2 + 24/(-6 + 0). Suppose 0 = 3*k - 2569 - n. Is k a prime number?
True
Let u(y) = 29*y**2 - 2*y - y - 7 + 0*y. Suppose 3*t - 4*z = 12, 3*z + 8 = 2*t + 2*z. Is u(t) a prime number?
False
Let c(m) = 2*m**3 - 7*m**2 + 2*m + 6. Suppose -3*s + 2*i + 12 = -i, s + 4*i - 9 = 0. Is c(s) a composite number?
True
Suppose -5*r + 10493 = 2*r. Is r a prime number?
True
Is (-10)/(-55) - (-2196930)/66 a composite number?
False
Suppose -5*b + 2*l = 39, 4*b = -4*l - 20 - 0. Let g(c) = 42*c**2 + 9*c - 8. Is g(b) prime?
True
Suppose u - c - 10819 = 0, 63*c + 10825 = u + 59*c. Is u a composite number?
True
Suppose -2*b + 3*a = 2*a - 5787, -2*b = 4*a - 5802. Let f = b - 822. Is f a composite number?
True
Let j be 35/2 - 2/4. Let t = -14 + j. Suppose 228 = 3*x - t*a - 0*a, -a = 2. Is x a prime number?
False
Suppose -q = x - 11, 5*q - 45 = -4*x + 2*q. Let s = 14 - x. Suppose -3*c = 2*t + 2*c - 81, -2*c + 78 = s*t. Is t composite?
True
Let t = 1031 + -612. Is t prime?
True
Suppose 2*d + 0*d - 2 = 0. Suppose 0*z = z + d. Is (z - (300 - 3))/(-2) composite?
False
Let k(r) = r**2 + 6*r - 2. Let s be k(-5). Let j(l) = l**3 + 8*l**2 - 4*l - 8. Let g be j(s). Suppose -2*w = -9 - g. Is w prime?
False
Suppose -7*v + 11801 + 14918 = 0. Is v composite?
True
Let o(l) = -6*l**3 + 5*l**2 + 3*l + 2. Let g be o(6). Let v = -771 - g. Suppose v = b - 4. Is b a prime number?
False
Let s(p) = -224*p**2 + p - 3. Let v(j) = -225*j**2 + 2*j - 2. Let q(r) = -6*s(r) + 5*v(r). Is q(-3) composite?
True
Let u = 32615 + -19308. Is u a prime number?
False
Suppose 4*f - 10 = g - 5, -4 = 4*g. Suppose 7*n + f = 22. Suppose -5*i = -2*p - 3*p - 115, p = n*i - 67. Is i a prime number?
False
Let o(v) = -v**2 - 8 + 9 - v + 4 - 3*v**3. Is o(-6) a prime number?
False
Let k(z) = 3*z**2 + z - 1. Let m be k(1). Suppose m*y - 18 = -3*b, -5 + 13 = 2*b. Suppose -785 = -3*v - 5*o, -y*v - 199 = o - 727. Is v a prime number?
False
Let x(z) = z**2 + 5*z - 1. Let d be x(-7). Let g = d + -11. Suppose -r + 1 = 0, r + r - 516 = -g*t. Is t a prime number?
True
Suppose -2*i - 1914 = 3376. Let o = -1674 - i. Suppose -p + 0*p + o = 0. Is p prime?
True
Let a = -64 + 113. Suppose -13*u - 12 = -17*u. Suppose -67 - a = -s + 5*j, u*s - 330 = -3*j. Is s composite?
True
Let w(h) = -h**3 - 12*h + 39. Is w(-8) composite?
False
Suppose -b - f + 4 = 0, f + f = 4. Suppose 0 = b*a - g - 2638, -4*g - 5 = 11. Is a prime?
False
Suppose 281119 = -23*y + 859178. Is y a prime number?
False
Suppose w = -7 + 9. Suppose -w*g - 5*r = -1804, -5*g -